 is the hundreds digit of 51606359?
3
What is the hundred millions digit of 6907079632?
9
What is the units digit of 660318222?
2
What is the units digit of 48140237?
7
What is the ten thousands digit of 4165119872?
1
What is the ten thousands digit of 819880290?
8
What is the thousands digit of 5485372?
5
What is the ten thousands digit of 11884789?
8
What is the hundred thousands digit of 10449339?
4
What is the hundreds digit of 193117894?
8
What is the hundred thousands digit of 24450733?
4
What is the thousands digit of 2438406254?
6
What is the hundred thousands digit of 121274377?
2
What is the ten thousands digit of 9542773?
4
What is the hundred millions digit of 662970106?
6
What is the hundreds digit of 497302079?
0
What is the thousands digit of 2120605210?
5
What is the ten thousands digit of 310780367?
8
What is the tens digit of 113836550?
5
What is the hundred millions digit of 209090871?
2
What is the hundreds digit of 285607828?
8
What is the thousands digit of 115512664?
2
What is the hundred thousands digit of 4988713?
9
What is the units digit of 7525874?
4
What is the tens digit of 246058499?
9
What is the tens digit of 24005901?
0
What is the thousands digit of 81483345?
3
What is the hundred thousands digit of 89817825?
8
What is the millions digit of 261122987?
1
What is the tens digit of 2732935?
3
What is the hundred millions digit of 207708259?
2
What is the ten thousands digit of 2982609?
8
What is the tens digit of 1611951568?
6
What is the units digit of 1342185120?
0
What is the ten millions digit of 226136425?
2
What is the hundred millions digit of 6559549186?
5
What is the tens digit of 11553860?
6
What is the thousands digit of 123343259?
3
What is the units digit of 77444859?
9
What is the units digit of 315804216?
6
What is the hundred millions digit of 576462242?
5
What is the units digit of 76727420?
0
What is the hundreds digit of 133161658?
6
What is the hundred thousands digit of 77685575?
6
What is the thousands digit of 26533260?
3
What is the hundreds digit of 7863802?
8
What is the thousands digit of 176460902?
0
What is the units digit of 248836132?
2
What is the ten thousands digit of 3098541949?
4
What is the millions digit of 23482968?
3
What is the millions digit of 1319935016?
9
What is the hundreds digit of 24124745?
7
What is the hundred millions digit of 228670987?
2
What is the hundred millions digit of 1402440965?
4
What is the tens digit of 604133361?
6
What is the hundred millions digit of 634152483?
6
What is the ten thousands digit of 82876105?
7
What is the hundred thousands digit of 13272541?
2
What is the tens digit of 166100456?
5
What is the thousands digit of 85933138?
3
What is the thousands digit of 3537943764?
3
What is the ten thousands digit of 34380851?
8
What is the hundred thousands digit of 1610731039?
7
What is the hundred thousands digit of 9775324?
7
What is the hundred thousands digit of 100151996?
1
What is the thousands digit of 1188074468?
4
What is the billions digit of 6135136723?
6
What is the millions digit of 106809676?
6
What is the hundred millions digit of 512165458?
5
What is the hundred thousands digit of 63190518?
1
What is the millions digit of 20039842?
0
What is the ten millions digit of 1542393111?
4
What is the thousands digit of 8302277148?
7
What is the hundred millions digit of 241836991?
2
What is the hundred millions digit of 304102636?
3
What is the ten thousands digit of 1029897633?
9
What is the tens digit of 570887940?
4
What is the hundreds digit of 12852780?
7
What is the tens digit of 14153806?
0
What is the hundreds digit of 122957644?
6
What is the billions digit of 2294217900?
2
What is the units digit of 464400821?
1
What is the units digit of 446806368?
8
What is the tens digit of 4015183576?
7
What is the hundreds digit of 167360222?
2
What is the thousands digit of 4983419363?
9
What is the millions digit of 470451516?
0
What is the units digit of 85365734?
4
What is the units digit of 2796400314?
4
What is the hundred thousands digit of 851491984?
4
What is the hundred thousands digit of 27780100?
7
What is the units digit of 840255503?
3
What is the ten thousands digit of 55158698?
5
What is the tens digit of 733130279?
7
What is the hundreds digit of 55467945?
9
What is the ten thousands digit of 16635496?
3
What is the hundred thousands digit of 465636001?
6
What is the ten thousands digit of 273224400?
2
What is the hundred millions digit of 138876657?
1
What is the millions digit of 4152404?
4
What is the thousands digit of 3514913000?
3
What is the ten millions digit of 38123211?
3
What is the thousands digit of 15776457?
6
What is the thousands digit of 44211925?
1
What is the hundreds digit of 837264615?
6
What is the thousands digit of 382430288?
0
What is the tens digit of 6119725756?
5
What is the hundreds digit of 23277385?
3
What is the tens digit of 2304581672?
7
What is the units digit of 234385686?
6
What is the thousands digit of 65050445?
0
What is the hundreds digit of 176830710?
7
What is the units digit of 27756492?
2
What is the hundred thousands digit of 175300378?
3
What is the tens digit of 283983696?
9
What is the units digit of 656407774?
4
What is the hundreds digit of 505655518?
5
What is the ten millions digit of 76999364?
7
What is the thousands digit of 12623606?
3
What is the ten millions digit of 85134820?
8
What is the thousands digit of 52172802?
2
What is the units digit of 2445087725?
5
What is the hundred thousands digit of 1415298441?
2
What is the units digit of 93016079?
9
What is the thousands digit of 20937557?
7
What is the units digit of 137939539?
9
What is the ten thousands digit of 110658887?
5
What is the ten thousands digit of 213929823?
2
What is the thousands digit of 3132897434?
7
What is the hundred thousands digit of 260225416?
2
What is the thousands digit of 7664432?
4
What is the units digit of 262130054?
4
What is the ten thousands digit of 940591275?
9
What is the units digit of 75491778?
8
What is the hundreds digit of 6592093?
0
What is the ten thousands digit of 53832696?
3
What is the thousands digit of 644590534?
0
What is the tens digit of 1015329107?
0
What is the hundreds digit of 6222835?
8
What is the thousands digit of 5124129534?
9
What is the hundred thousands digit of 18635272?
6
What is the hundred millions digit of 203124257?
2
What is the hundred thousands digit of 806979945?
9
What is the units digit of 199040910?
0
What is the thousands digit of 1798668127?
8
What is the millions digit of 15603050?
5
What is the hundred thousands digit of 416447657?
4
What is the hundreds digit of 1539223305?
3
What is the ten thousands digit of 9049536?
4
What is the units digit of 246508265?
5
What is the hundred thousands digit of 6366015408?
0
What is the ten millions digit of 144315819?
4
What is the hundred thousands digit of 1639633860?
6
What is the ten thousands digit of 844471986?
7
What is the millions digit of 492743386?
2
What is the ten millions digit of 1111203925?
1
What is the thousands digit of 25731068?
1
What is the units digit of 672900086?
6
What is the billions digit of 1620735062?
1
What is the millions digit of 142486784?
2
What is the ten thousands digit of 3504030362?
3
What is the hundreds digit of 106419547?
5
What is the millions digit of 422898769?
2
What is the hundred thousands digit of 291165336?
1
What is the millions digit of 93774717?
3
What is the ten millions digit of 11385176?
1
What is the ten thousands digit of 1982402?
8
What is the units digit of 127006779?
9
What is the hundreds digit of 22471809?
8
What is the ten thousands digit of 1908323047?
2
What is the units digit of 5105874?
4
What is the units digit of 251788101?
1
What is the millions digit of 1003316763?
3
What is the tens digit of 4890600461?
6
What is the ten thousands digit of 213705147?
0
What is the tens digit of 21973348?
4
What is the hundred thousands digit of 12778195?
7
What is the thousands digit of 2800833589?
3
What is the millions digit of 29012563?
9
What is the units digit of 1690661404?
4
What is the hundred thousands digit of 108011806?
0
What is the units digit of 69469065?
5
What is the tens digit of 86791527?
2
What is the tens digit